.
2, 3, 17, 13421
List the prime factors of 1168530.
2, 3, 5, 11, 3541
What are the prime factors of 190521?
3, 21169
List the prime factors of 3348263.
3348263
What are the prime factors of 2025948?
2, 3, 197, 857
What are the prime factors of 9374981?
7, 11, 109, 1117
List the prime factors of 3283856.
2, 17, 12073
List the prime factors of 2636401.
2636401
What are the prime factors of 12270031?
191, 227, 283
What are the prime factors of 2834200?
2, 5, 37, 383
List the prime factors of 8439465.
3, 5, 562631
What are the prime factors of 296248?
2, 19, 1949
What are the prime factors of 5380008?
2, 3, 97, 2311
List the prime factors of 2432282.
2, 101, 12041
What are the prime factors of 148054?
2, 74027
List the prime factors of 10584910.
2, 5, 7, 151213
What are the prime factors of 2439618?
2, 3, 617, 659
What are the prime factors of 625266?
2, 3, 11579
List the prime factors of 10138230.
2, 3, 5, 37549
What are the prime factors of 39831642?
2, 3, 79, 9337
What are the prime factors of 5717067?
3, 1905689
What are the prime factors of 2537208?
2, 3, 131, 269
What are the prime factors of 29466968?
2, 647, 5693
List the prime factors of 89711.
283, 317
List the prime factors of 23178502.
2, 37, 103, 3041
List the prime factors of 312585.
3, 5, 7, 13, 229
List the prime factors of 25597286.
2, 11, 13, 89501
List the prime factors of 186417.
3, 7, 11, 269
What are the prime factors of 318566?
2, 47, 3389
What are the prime factors of 354413?
59, 6007
List the prime factors of 598631.
11, 54421
List the prime factors of 249011.
7, 35573
List the prime factors of 10192381.
23, 443147
List the prime factors of 731789.
467, 1567
What are the prime factors of 32344509?
3, 23, 468761
List the prime factors of 10342273.
17, 608369
What are the prime factors of 68763?
3, 22921
List the prime factors of 264995.
5, 52999
List the prime factors of 245992.
2, 97, 317
List the prime factors of 478924.
2, 17, 7043
List the prime factors of 163630.
2, 5, 16363
What are the prime factors of 1976483?
113, 17491
What are the prime factors of 74020?
2, 5, 3701
What are the prime factors of 3846812?
2, 961703
What are the prime factors of 30367?
30367
What are the prime factors of 609440?
2, 5, 13, 293
List the prime factors of 280529.
53, 67, 79
List the prime factors of 21571594.
2, 11, 491, 1997
List the prime factors of 4490858.
2, 2245429
List the prime factors of 713524.
2, 7, 17, 1499
What are the prime factors of 22333493?
7, 13, 19, 12917
What are the prime factors of 6892439?
59, 197, 593
What are the prime factors of 18725712?
2, 3, 390119
What are the prime factors of 7439189?
23, 323443
List the prime factors of 410529.
3, 7, 113, 173
List the prime factors of 5296994.
2, 37, 47, 1523
List the prime factors of 285471.
3, 97, 109
What are the prime factors of 6828224?
2, 13, 29, 283
List the prime factors of 7038596.
2, 1759649
What are the prime factors of 1681587?
3, 61, 1021
List the prime factors of 16682226.
2, 3, 11, 252761
What are the prime factors of 574406?
2, 7, 89, 461
List the prime factors of 6347334.
2, 3, 7, 79, 1913
List the prime factors of 960729.
3, 7, 11, 4159
List the prime factors of 3375263.
227, 14869
List the prime factors of 3729.
3, 11, 113
List the prime factors of 130008.
2, 3, 5417
List the prime factors of 264860.
2, 5, 17, 19, 41
List the prime factors of 5621808.
2, 3, 173, 677
What are the prime factors of 739127?
43, 17189
What are the prime factors of 1805032?
2, 225629
What are the prime factors of 10615293?
3, 13, 17, 593
List the prime factors of 195883.
195883
List the prime factors of 107160.
2, 3, 5, 19, 47
List the prime factors of 2227740.
2, 3, 5, 107, 347
What are the prime factors of 1230817?
7, 17, 10343
What are the prime factors of 5836799?
5836799
List the prime factors of 358486.
2, 179243
List the prime factors of 2120429.
2120429
What are the prime factors of 6722197?
37, 97, 1873
List the prime factors of 15496246.
2, 53, 146191
List the prime factors of 248301.
3, 47, 587
List the prime factors of 18427115.
5, 7, 131, 4019
What are the prime factors of 6833181?
3, 2277727
What are the prime factors of 386524?
2, 71, 1361
List the prime factors of 198911.
19, 29
What are the prime factors of 6811906?
2, 3405953
What are the prime factors of 9647453?
9647453
List the prime factors of 274086.
2, 3, 15227
List the prime factors of 49764.
2, 3, 11, 13, 29
What are the prime factors of 892882?
2, 446441
List the prime factors of 987802.
2, 17, 1709
What are the prime factors of 328667?
328667
List the prime factors of 5741019.
3, 17, 157, 239
What are the prime factors of 6955347?
3, 7, 331207
List the prime factors of 42906.
2, 3, 7151
What are the prime factors of 254501?
13, 19577
List the prime factors of 20109612.
2, 3, 1675801
List the prime factors of 13637700.
2, 3, 5, 5051
List the prime factors of 1256304.
2, 3, 7, 3739
What are the prime factors of 11639482?
2, 5819741
List the prime factors of 11752373.
43, 273311
What are the prime factors of 88736?
2, 47, 59
What are the prime factors of 881187?
3, 293729
List the prime factors of 10879.
11, 23, 43
What are the prime factors of 116970?
2, 3, 5, 7, 557
List the prime factors of 11702359.
11702359
List the prime factors of 1737627.
3, 23, 25183
List the prime factors of 11823148.
2, 439, 6733
What are the prime factors of 327792?
2, 3, 6829
List the prime factors of 4993286.
2, 2496643
What are the prime factors of 1152354?
2, 3, 7, 27437
List the prime factors of 104569.
53, 1973
List the prime factors of 1486821.
3, 7, 101, 701
List the prime factors of 481455.
3, 5, 13, 823
What are the prime factors of 8065928?
2, 13, 77557
What are the prime factors of 161650?
2, 5, 53, 61
What are the prime factors of 18747216?
2, 3, 101, 1289
List the prime factors of 2164504.
2, 270563
What are the prime factors of 114326?
2, 57163
List the prime factors of 179145.
3, 5, 1327
What are the prime factors of 8050359?
3, 31, 107, 809
List the prime factors of 15742144.
2, 11, 59, 379
List the prime factors of 18088535.
5, 1783, 2029
What are the prime factors of 250217?
11, 23, 43
What are the prime factors of 1743213?
3, 581071
What are the prime factors of 15343948?
2, 43, 89209
List the prime factors of 6827617.
73, 93529
List the prime factors of 22990509.
3, 43, 59407
What are the prime factors of 94500?
2, 3, 5, 7
List the prime factors of 33605238.
2, 3, 5600873
What are the prime factors of 387426?
2, 3, 13, 4967
What are the prime factors of 2111205?
3, 5, 97, 1451
What are the prime factors of 78040?
2, 5, 1951
List the prime factors of 196518.
2, 3, 7, 4679
List the prime factors of 33420472.
2, 23, 37, 4909
List the prime factors of 6041785.
5, 1039, 1163
What are the prime factors of 5288248?
2, 7, 94433
List the prime factors of 13042865.
5, 11, 237143
List the prime factors of 1962694.
2, 59, 16633
What are the prime factors of 8348598?
2, 3, 17, 27283
List the prime factors of 82859.
7, 19, 89
List the prime factors of 1762161.
3, 587387
List the prime factors of 531601.
7, 19, 571
List the prime factors of 98060.
2, 5, 4903
List the prime factors of 102647.
102647
List the prime factors of 90719.
83, 1093
List the prime factors of 234422.
2, 19, 31, 199
List the prime factors of 1620221.
61, 26561
What are the prime factors of 8633558?
2, 4316779
What are the prime factors of 153025?
5, 6121
What are the prime factors of 241641?
3, 26849
What are the prime factors of 144648?
2, 3, 7, 41
List the prime factors of 587945.
5, 17, 6917
What are the prime factors of 6803963?
881, 7723
List the prime factors of 2646367.
389, 6803
List the prime factors of 327447.
3, 36383
What are the prime factors of 617405?
5, 19, 67, 97
List the prime factors of 2670950.
2, 5, 53419
What are the prime factors of 155421?
3, 7, 2467
What are the prime factors of 22279?
22279
List the prime factors of 32236.
2, 8059
What are the prime factors of 499575?
3, 5, 6661
List the prime factors of 1556240.
2, 5, 7, 397
What are the prime factors of 5168074?
2, 2584037
What are the prime factors of 243964?
2, 7, 8713
What are the prime factors of 347166?
2, 3, 2143
List the prime factors of 1691707.
53, 59, 541
What are the prime factors of 4745068?
2, 61, 